4.
2
What is the highest common factor of 9676 and 12?
4
Calculate the greatest common factor of 306 and 4250.
34
Calculate the greatest common factor of 6603 and 1065.
213
Calculate the greatest common divisor of 359 and 58.
1
What is the greatest common divisor of 41031 and 235?
47
What is the greatest common divisor of 656 and 739230?
82
What is the greatest common factor of 5275415 and 5?
5
Calculate the greatest common factor of 1449 and 32913.
207
Calculate the greatest common factor of 8046 and 30.
6
What is the highest common factor of 160 and 27440?
80
What is the highest common divisor of 9 and 3076164?
9
What is the highest common factor of 15 and 738?
3
What is the highest common factor of 98 and 17101?
49
What is the greatest common divisor of 24 and 3912?
24
What is the greatest common factor of 111720 and 323?
19
Calculate the greatest common factor of 571661 and 47.
47
What is the highest common divisor of 2532 and 120903?
633
Calculate the greatest common divisor of 36 and 365706.
18
Calculate the highest common factor of 26802 and 3924.
18
Calculate the greatest common factor of 1348 and 1088.
4
What is the highest common factor of 213957 and 9?
9
Calculate the highest common factor of 13271 and 161.
23
Calculate the greatest common divisor of 160514 and 408.
34
Calculate the highest common factor of 374 and 99824.
34
Calculate the greatest common factor of 118752 and 64.
32
What is the highest common factor of 49546 and 28?
14
What is the highest common divisor of 487521 and 589?
19
What is the highest common divisor of 81614 and 8541?
949
What is the greatest common factor of 22 and 62249?
11
Calculate the greatest common factor of 13176 and 27756.
108
Calculate the highest common factor of 19 and 2907.
19
Calculate the highest common divisor of 230 and 47104.
46
What is the highest common factor of 164 and 3589386?
82
What is the greatest common divisor of 62019 and 351?
27
What is the highest common factor of 747 and 45?
9
Calculate the greatest common factor of 1077 and 28.
1
Calculate the highest common divisor of 2438 and 636.
106
What is the highest common divisor of 341 and 6116?
11
Calculate the greatest common factor of 19042 and 94.
2
Calculate the greatest common factor of 102870 and 67818.
762
What is the greatest common divisor of 73 and 242287?
73
What is the highest common divisor of 3285 and 820593?
657
What is the greatest common divisor of 41975 and 1898?
73
Calculate the greatest common divisor of 3809 and 472609.
293
What is the greatest common divisor of 3712 and 328?
8
What is the highest common divisor of 696 and 846568?
232
What is the highest common factor of 40 and 1832?
8
Calculate the highest common factor of 132 and 237828.
12
Calculate the highest common factor of 21600 and 8775.
675
What is the greatest common factor of 299 and 75179?
13
Calculate the highest common divisor of 15 and 290545.
5
Calculate the greatest common factor of 204000 and 420.
60
Calculate the highest common divisor of 2327 and 481.
13
Calculate the highest common divisor of 1539 and 185364.
171
What is the highest common factor of 350 and 126140?
70
Calculate the highest common factor of 443 and 2448461.
443
What is the greatest common factor of 4452 and 259?
7
Calculate the highest common factor of 5 and 8885.
5
Calculate the highest common divisor of 435 and 1485.
15
Calculate the highest common factor of 293817 and 111.
111
Calculate the greatest common divisor of 40592 and 473.
43
What is the highest common divisor of 213839 and 688?
43
What is the highest common factor of 14 and 723422?
14
What is the greatest common divisor of 184 and 69644?
92
What is the highest common divisor of 1638 and 77259?
273
What is the greatest common factor of 388 and 1973756?
388
What is the highest common divisor of 368999 and 57?
19
Calculate the highest common factor of 60 and 156.
12
What is the highest common factor of 1765 and 220?
5
Calculate the highest common factor of 7185 and 192.
3
What is the greatest common factor of 32 and 160112?
16
What is the highest common factor of 2525 and 325?
25
Calculate the greatest common factor of 627 and 3927.
33
What is the greatest common factor of 792 and 2673?
99
What is the greatest common divisor of 464616 and 144?
72
Calculate the greatest common factor of 795193 and 94.
47
Calculate the greatest common divisor of 376401 and 3.
3
Calculate the greatest common divisor of 143 and 23933.
13
What is the greatest common divisor of 14 and 22512?
14
What is the greatest common factor of 624 and 2928?
48
Calculate the highest common divisor of 1210124 and 284.
284
Calculate the highest common divisor of 334660 and 10.
10
What is the greatest common factor of 447020 and 2480?
620
Calculate the highest common factor of 4368272 and 2480.
496
Calculate the greatest common factor of 4763 and 180128.
433
Calculate the greatest common factor of 360 and 320.
40
Calculate the greatest common divisor of 8 and 5944.
8
Calculate the greatest common divisor of 1906373 and 203.
203
Calculate the greatest common divisor of 180248 and 8.
8
What is the greatest common divisor of 6557 and 2133?
79
What is the greatest common factor of 136 and 29308?
68
What is the greatest common divisor of 33402 and 1539?
57
What is the greatest common divisor of 5832164 and 76?
76
What is the greatest common factor of 6549278 and 1041?
347
What is the greatest common divisor of 93 and 568633?
31
Calculate the greatest common factor of 30140 and 10.
10
What is the greatest common divisor of 84 and 803964?
84
Calculate the highest common divisor of 934200 and 27.
27
Calculate the greatest common divisor of 36 and 5156.
4
What is the highest common factor of 1 and 17117?
1
What is the highest common factor of 2291 and 841?
29
What is the highest common factor of 21812 and 146300?
532
Calculate the highest common divisor of 16 and 208984.
8
What is the highest common divisor of 55 and 542905?
55
Calculate the highest common divisor of 6150 and 4551.
123
What is the highest common factor of 16 and 202512?
16
What is the highest common divisor of 1333 and 1763?
43
Calculate the highest common factor of 117 and 4381.
13
What is the greatest common divisor of 122087 and 14507?
163
Calculate the highest common divisor of 10413 and 11125.
89
Calculate the greatest common factor of 15 and 536820.
15
Calculate the greatest common factor of 118161 and 5643.
171
Calculate the highest common factor of 200 and 1450.
50
Calculate the highest common divisor of 6078 and 54.
6
Calculate the highest common factor of 131692 and 7667.
451
What is the highest common factor of 70 and 2029650?
70
Calculate the greatest common divisor of 78132 and 306.
102
What is the greatest common factor of 13818 and 336?
42
What is the greatest common factor of 1856 and 5056?
64
What is the highest common divisor of 2 and 1138?
2
What is the greatest common factor of 3636 and 504?
36
What is the greatest common factor of 132789 and 36?
3
Calculate the greatest common factor of 40347 and 2259.
9
Calculate the highest common divisor of 594 and 11198.
22
Calculate the greatest common divisor of 14 and 273014.
14
Calculate the highest common divisor of 1650896 and 208.
208
What is the greatest common divisor of 6 and 125256?
6
Calculate the greatest common factor of 104 and 198861.
13
Calculate the greatest common factor of 166 and 1027291.
83
What is the highest common factor of 965 and 265?
5
What is the highest common divisor of 6622 and 4816?
602
What is the greatest common factor of 39875 and 2200?
275
What is the greatest common factor of 4380 and 1472556?
876
Calculate the highest common divisor of 176 and 1208680.
88
Calculate the greatest common divisor of 28 and 20741.
7
What is the highest common factor of 1773 and 21079?
197
Calculate the greatest common divisor of 32701 and 54913.
617
Calculate the greatest common divisor of 81900 and 315.
315
Calculate the highest common divisor of 1452 and 1483581.
363
What is the highest common divisor of 1630 and 112796?
326
Calculate the highest common factor of 38775 and 282.
141
Calculate the greatest common factor of 131781 and 6448.
403
What is the greatest common divisor of 145 and 125251?
29
Calculate the 